{"id":519,"date":"2023-02-13T12:35:24","date_gmt":"2023-02-13T11:35:24","guid":{"rendered":"https:\/\/cabane.studio\/?page_id=519"},"modified":"2023-02-13T12:37:39","modified_gmt":"2023-02-13T11:37:39","slug":"conditions-generales","status":"publish","type":"page","link":"https:\/\/cabane.studio\/index.php\/conditions-generales\/","title":{"rendered":"Conditions g\u00e9n\u00e9rales"},"content":{"rendered":"<p>[et_pb_section fb_built=\u00a0\u00bb1&Prime; theme_builder_area=\u00a0\u00bbpost_content\u00a0\u00bb _builder_version=\u00a0\u00bb4.19.5&Prime; _module_preset=\u00a0\u00bbdefault\u00a0\u00bb][et_pb_row _builder_version=\u00a0\u00bb4.19.5&Prime; _module_preset=\u00a0\u00bbdefault\u00a0\u00bb theme_builder_area=\u00a0\u00bbpost_content\u00a0\u00bb][et_pb_column _builder_version=\u00a0\u00bb4.19.5&Prime; _module_preset=\u00a0\u00bbdefault\u00a0\u00bb type=\u00a0\u00bb4_4&Prime; theme_builder_area=\u00a0\u00bbpost_content\u00a0\u00bb][et_pb_text _builder_version=\u00a0\u00bb4.19.5&Prime; _module_preset=\u00a0\u00bbdefault\u00a0\u00bb theme_builder_area=\u00a0\u00bbpost_content\u00a0\u00bb hover_enabled=\u00a0\u00bb0&Prime; sticky_enabled=\u00a0\u00bb0&Prime;]<\/p>\n<h2>Conditions g\u00e9n\u00e9rales de vente<\/h2>\n<p>&nbsp;<\/p>\n<p>1. Sauf convention contraire et expresse accept\u00e9e par les deux parties, seules sont d&rsquo;application les conditions g\u00e9n\u00e9rales et particuli\u00e8res du pr\u00e9sent devis, bon de commande, bon de livraison ou facture.<\/p>\n<p>2. Aucune prestation ne sera entreprise sans qu&rsquo;un bon de commande nous ait \u00e9t\u00e9 renvoy\u00e9 dat\u00e9 et sign\u00e9.<\/p>\n<p>3. Toutes les factures sont payables au num\u00e9ro de compte BE16 7310 50 89 6174<\/p>\n<p>4. Sauf stipulation contraire \u00e9crite, nos factures sont payables dans les 15 jours.<\/p>\n<p>5. Toute r\u00e9clamation relative \u00e0 des services prest\u00e9s doit, \u00e0 peine de nullit\u00e9, nous parvenir par lettre recommand\u00e9e dans les huit jours de la r\u00e9ception de la facture.<\/p>\n<p>6. Toute facture non pay\u00e9e huit jours apr\u00e8s son \u00e9ch\u00e9ance portera, de plein droit et sans mise en demeure pr\u00e9alable, un int\u00e9r\u00eat de retard de 1 % par mois entam\u00e9.<\/p>\n<p>7. En cas de non-paiement injustifi\u00e9 d\u2019une facture \u00e0 son \u00e9ch\u00e9ance ou \u00e0 d\u00e9faut de livraison injustifi\u00e9 du produit ou service command\u00e9 dix jours apr\u00e8s la date d\u2019\u00e9ch\u00e9ance convenue, une somme forfaitaire de 15 % du montant de la facture, avec un minimum de quarante euros, sera due \u00e0 l&rsquo;autre partie \u00e0 titre de dommages et int\u00e9r\u00eats, sans mise en demeure pr\u00e9alable.<\/p>\n<p>8. Le d\u00e9faut de paiement d&rsquo;une facture \u00e0 l&rsquo;\u00e9ch\u00e9ance rend imm\u00e9diatement exigibles toutes les sommes dues, quelles que soient les facilit\u00e9s de paiement accord\u00e9es pr\u00e9alablement.\u00a0<\/p>\n<p>9. Les pr\u00e9sentes conditions g\u00e9n\u00e9rales sont r\u00e9gies par le droit belge et tout \u00e9ventuel litige sera de la comp\u00e9tence exclusive des tribunaux de Bruxelles. Le vendeur pourra toutefois renoncer \u00e0 la pr\u00e9sente clause d\u2019attribution de comp\u00e9tence et, s\u2019il le pr\u00e9f\u00e8re, citer devant la juridiction comp\u00e9tente en vertu du droit commun.<\/p>\n<p>[\/et_pb_text][\/et_pb_column][\/et_pb_row][\/et_pb_section]<\/p>\n","protected":false},"excerpt":{"rendered":"<p>Conditions g\u00e9n\u00e9rales de vente &nbsp; 1. Sauf convention contraire et expresse accept\u00e9e par les deux parties, seules sont d&rsquo;application les conditions g\u00e9n\u00e9rales et particuli\u00e8res du pr\u00e9sent devis, bon de commande, bon de livraison ou facture. 2. Aucune prestation ne sera entreprise sans qu&rsquo;un bon de commande nous ait \u00e9t\u00e9 renvoy\u00e9 dat\u00e9 et sign\u00e9. 3. Toutes [&hellip;]<\/p>\n","protected":false},"author":1,"featured_media":0,"parent":0,"menu_order":0,"comment_status":"closed","ping_status":"closed","template":"","meta":{"_et_pb_use_builder":"on","_et_pb_old_content":"","_et_gb_content_width":"","footnotes":""},"class_list":["post-519","page","type-page","status-publish","hentry"],"yoast_head":"<!-- This site is optimized with the Yoast SEO plugin v27.2 - https:\/\/yoast.com\/product\/yoast-seo-wordpress\/ -->\n<title>Conditions g\u00e9n\u00e9rales - Cabane<\/title>\n<meta name=\"robots\" content=\"index, follow, max-snippet:-1, max-image-preview:large, max-video-preview:-1\" \/>\n<link rel=\"canonical\" href=\"https:\/\/cabane.studio\/index.php\/conditions-generales\/\" \/>\n<meta property=\"og:locale\" content=\"fr_FR\" \/>\n<meta property=\"og:type\" content=\"article\" \/>\n<meta property=\"og:title\" content=\"Conditions g\u00e9n\u00e9rales - Cabane\" \/>\n<meta property=\"og:description\" content=\"Conditions g\u00e9n\u00e9rales de vente &nbsp; 1. Sauf convention contraire et expresse accept\u00e9e par les deux parties, seules sont d&#039;application les conditions g\u00e9n\u00e9rales et particuli\u00e8res du pr\u00e9sent devis, bon de commande, bon de livraison ou facture. 2. Aucune prestation ne sera entreprise sans qu&#039;un bon de commande nous ait \u00e9t\u00e9 renvoy\u00e9 dat\u00e9 et sign\u00e9. 3. Toutes [&hellip;]\" \/>\n<meta property=\"og:url\" content=\"https:\/\/cabane.studio\/index.php\/conditions-generales\/\" \/>\n<meta property=\"og:site_name\" content=\"Cabane\" \/>\n<meta property=\"article:modified_time\" content=\"2023-02-13T11:37:39+00:00\" \/>\n<meta name=\"twitter:card\" content=\"summary_large_image\" \/>\n<meta name=\"twitter:label1\" content=\"Dur\u00e9e de lecture estim\u00e9e\" \/>\n\t<meta name=\"twitter:data1\" content=\"2 minutes\" \/>\n<script type=\"application\/ld+json\" class=\"yoast-schema-graph\">{\"@context\":\"https:\/\/schema.org\",\"@graph\":[{\"@type\":\"WebPage\",\"@id\":\"https:\/\/cabane.studio\/index.php\/conditions-generales\/\",\"url\":\"https:\/\/cabane.studio\/index.php\/conditions-generales\/\",\"name\":\"Conditions g\u00e9n\u00e9rales - Cabane\",\"isPartOf\":{\"@id\":\"https:\/\/cabane.studio\/#website\"},\"datePublished\":\"2023-02-13T11:35:24+00:00\",\"dateModified\":\"2023-02-13T11:37:39+00:00\",\"breadcrumb\":{\"@id\":\"https:\/\/cabane.studio\/index.php\/conditions-generales\/#breadcrumb\"},\"inLanguage\":\"fr-FR\",\"potentialAction\":[{\"@type\":\"ReadAction\",\"target\":[\"https:\/\/cabane.studio\/index.php\/conditions-generales\/\"]}]},{\"@type\":\"BreadcrumbList\",\"@id\":\"https:\/\/cabane.studio\/index.php\/conditions-generales\/#breadcrumb\",\"itemListElement\":[{\"@type\":\"ListItem\",\"position\":1,\"name\":\"Accueil\",\"item\":\"https:\/\/cabane.studio\/\"},{\"@type\":\"ListItem\",\"position\":2,\"name\":\"Conditions g\u00e9n\u00e9rales\"}]},{\"@type\":\"WebSite\",\"@id\":\"https:\/\/cabane.studio\/#website\",\"url\":\"https:\/\/cabane.studio\/\",\"name\":\"Cabane\",\"description\":\"Cr\u00e9ation d&#039;univers visuels et cetera (...)\",\"publisher\":{\"@id\":\"https:\/\/cabane.studio\/#organization\"},\"potentialAction\":[{\"@type\":\"SearchAction\",\"target\":{\"@type\":\"EntryPoint\",\"urlTemplate\":\"https:\/\/cabane.studio\/?s={search_term_string}\"},\"query-input\":{\"@type\":\"PropertyValueSpecification\",\"valueRequired\":true,\"valueName\":\"search_term_string\"}}],\"inLanguage\":\"fr-FR\"},{\"@type\":\"Organization\",\"@id\":\"https:\/\/cabane.studio\/#organization\",\"name\":\"Studio Cabane\",\"alternateName\":\"Studio Cabane\",\"url\":\"https:\/\/cabane.studio\/\",\"logo\":{\"@type\":\"ImageObject\",\"inLanguage\":\"fr-FR\",\"@id\":\"https:\/\/cabane.studio\/#\/schema\/logo\/image\/\",\"url\":\"https:\/\/cabane.studio\/wp-content\/uploads\/2023\/02\/Logo-full.svg\",\"contentUrl\":\"https:\/\/cabane.studio\/wp-content\/uploads\/2023\/02\/Logo-full.svg\",\"width\":1,\"height\":1,\"caption\":\"Studio Cabane\"},\"image\":{\"@id\":\"https:\/\/cabane.studio\/#\/schema\/logo\/image\/\"}}]}<\/script>\n<!-- \/ Yoast SEO plugin. -->","yoast_head_json":{"title":"Conditions g\u00e9n\u00e9rales - Cabane","robots":{"index":"index","follow":"follow","max-snippet":"max-snippet:-1","max-image-preview":"max-image-preview:large","max-video-preview":"max-video-preview:-1"},"canonical":"https:\/\/cabane.studio\/index.php\/conditions-generales\/","og_locale":"fr_FR","og_type":"article","og_title":"Conditions g\u00e9n\u00e9rales - Cabane","og_description":"Conditions g\u00e9n\u00e9rales de vente &nbsp; 1. Sauf convention contraire et expresse accept\u00e9e par les deux parties, seules sont d'application les conditions g\u00e9n\u00e9rales et particuli\u00e8res du pr\u00e9sent devis, bon de commande, bon de livraison ou facture. 2. Aucune prestation ne sera entreprise sans qu'un bon de commande nous ait \u00e9t\u00e9 renvoy\u00e9 dat\u00e9 et sign\u00e9. 3. Toutes [&hellip;]","og_url":"https:\/\/cabane.studio\/index.php\/conditions-generales\/","og_site_name":"Cabane","article_modified_time":"2023-02-13T11:37:39+00:00","twitter_card":"summary_large_image","twitter_misc":{"Dur\u00e9e de lecture estim\u00e9e":"2 minutes"},"schema":{"@context":"https:\/\/schema.org","@graph":[{"@type":"WebPage","@id":"https:\/\/cabane.studio\/index.php\/conditions-generales\/","url":"https:\/\/cabane.studio\/index.php\/conditions-generales\/","name":"Conditions g\u00e9n\u00e9rales - Cabane","isPartOf":{"@id":"https:\/\/cabane.studio\/#website"},"datePublished":"2023-02-13T11:35:24+00:00","dateModified":"2023-02-13T11:37:39+00:00","breadcrumb":{"@id":"https:\/\/cabane.studio\/index.php\/conditions-generales\/#breadcrumb"},"inLanguage":"fr-FR","potentialAction":[{"@type":"ReadAction","target":["https:\/\/cabane.studio\/index.php\/conditions-generales\/"]}]},{"@type":"BreadcrumbList","@id":"https:\/\/cabane.studio\/index.php\/conditions-generales\/#breadcrumb","itemListElement":[{"@type":"ListItem","position":1,"name":"Accueil","item":"https:\/\/cabane.studio\/"},{"@type":"ListItem","position":2,"name":"Conditions g\u00e9n\u00e9rales"}]},{"@type":"WebSite","@id":"https:\/\/cabane.studio\/#website","url":"https:\/\/cabane.studio\/","name":"Cabane","description":"Cr\u00e9ation d&#039;univers visuels et cetera (...)","publisher":{"@id":"https:\/\/cabane.studio\/#organization"},"potentialAction":[{"@type":"SearchAction","target":{"@type":"EntryPoint","urlTemplate":"https:\/\/cabane.studio\/?s={search_term_string}"},"query-input":{"@type":"PropertyValueSpecification","valueRequired":true,"valueName":"search_term_string"}}],"inLanguage":"fr-FR"},{"@type":"Organization","@id":"https:\/\/cabane.studio\/#organization","name":"Studio Cabane","alternateName":"Studio Cabane","url":"https:\/\/cabane.studio\/","logo":{"@type":"ImageObject","inLanguage":"fr-FR","@id":"https:\/\/cabane.studio\/#\/schema\/logo\/image\/","url":"https:\/\/cabane.studio\/wp-content\/uploads\/2023\/02\/Logo-full.svg","contentUrl":"https:\/\/cabane.studio\/wp-content\/uploads\/2023\/02\/Logo-full.svg","width":1,"height":1,"caption":"Studio Cabane"},"image":{"@id":"https:\/\/cabane.studio\/#\/schema\/logo\/image\/"}}]}},"_links":{"self":[{"href":"https:\/\/cabane.studio\/index.php\/wp-json\/wp\/v2\/pages\/519","targetHints":{"allow":["GET"]}}],"collection":[{"href":"https:\/\/cabane.studio\/index.php\/wp-json\/wp\/v2\/pages"}],"about":[{"href":"https:\/\/cabane.studio\/index.php\/wp-json\/wp\/v2\/types\/page"}],"author":[{"embeddable":true,"href":"https:\/\/cabane.studio\/index.php\/wp-json\/wp\/v2\/users\/1"}],"replies":[{"embeddable":true,"href":"https:\/\/cabane.studio\/index.php\/wp-json\/wp\/v2\/comments?post=519"}],"version-history":[{"count":2,"href":"https:\/\/cabane.studio\/index.php\/wp-json\/wp\/v2\/pages\/519\/revisions"}],"predecessor-version":[{"id":522,"href":"https:\/\/cabane.studio\/index.php\/wp-json\/wp\/v2\/pages\/519\/revisions\/522"}],"wp:attachment":[{"href":"https:\/\/cabane.studio\/index.php\/wp-json\/wp\/v2\/media?parent=519"}],"curies":[{"name":"wp","href":"https:\/\/api.w.org\/{rel}","templated":true}]}}