{"id":1441,"date":"2024-07-04T12:27:52","date_gmt":"2024-07-04T10:27:52","guid":{"rendered":"https:\/\/cabane.studio\/?page_id=1441"},"modified":"2024-07-04T12:41:29","modified_gmt":"2024-07-04T10:41:29","slug":"nos-projets","status":"publish","type":"page","link":"https:\/\/cabane.studio\/index.php\/nos-projets\/","title":{"rendered":"Nos projets"},"content":{"rendered":"<p>[et_pb_section fb_built=\u00a0\u00bb1&Prime; _builder_version=\u00a0\u00bb4.22.2&Prime; _module_preset=\u00a0\u00bbdefault\u00a0\u00bb global_colors_info=\u00a0\u00bb{}\u00a0\u00bb][et_pb_row _builder_version=\u00a0\u00bb4.22.2&Prime; _module_preset=\u00a0\u00bbdefault\u00a0\u00bb global_colors_info=\u00a0\u00bb{}\u00a0\u00bb][et_pb_column type=\u00a0\u00bb4_4&Prime; _builder_version=\u00a0\u00bb4.22.2&Prime; _module_preset=\u00a0\u00bbdefault\u00a0\u00bb global_colors_info=\u00a0\u00bb{}\u00a0\u00bb][ba_animated_text prefix=\u00a0\u00bbNos projets r\u00e9alis\u00e9s pour nos clients\u00a0\u00bb animated_text=\u00a0\u00bb%91{%22value%22:%22arts et culture%22,%22checked%22:0,%22dragID%22:-1},{%22value%22:%22asbl et ong%22,%22checked%22:0,%22dragID%22:0},{%22value%22:%22entrepreneur\u00b7e\u00b7s%22,%22checked%22:0,%22dragID%22:1},{%22value%22:%22environnement%22,%22checked%22:0,%22dragID%22:2},{%22value%22:%22p\u00e9dagogique%22,%22checked%22:0,%22dragID%22:3},{%22value%22:%22sciences et sant\u00e9%22,%22checked%22:0,%22dragID%22:4},{%22value%22:%22voyages et \u00e9v\u00e9nements%22,%22checked%22:0,%22dragID%22:5}%93&Prime; animation_speed=\u00a0\u00bb50ms\u00a0\u00bb back_speed=\u00a0\u00bb25ms\u00a0\u00bb text_alignment=\u00a0\u00bbcenter\u00a0\u00bb animated_bg=\u00a0\u00bbRGBA(255,255,255,0)\u00a0\u00bb _builder_version=\u00a0\u00bb4.22.2&Prime; _module_preset=\u00a0\u00bbdefault\u00a0\u00bb animated_level=\u00a0\u00bbh1&Prime; animated_font=\u00a0\u00bbSignika||||||||\u00a0\u00bb animated_text_color=\u00a0\u00bb#000000&Prime; animated_font_size=\u00a0\u00bb41px\u00a0\u00bb main_font=\u00a0\u00bbSignika||||||||\u00a0\u00bb main_text_color=\u00a0\u00bb#0066b1&Prime; hover_enabled=\u00a0\u00bb0&Prime; global_colors_info=\u00a0\u00bb{}\u00a0\u00bb sticky_enabled=\u00a0\u00bb0&Prime;][\/ba_animated_text][\/et_pb_column][\/et_pb_row][et_pb_row _builder_version=\u00a0\u00bb4.22.2&Prime; _module_preset=\u00a0\u00bbdefault\u00a0\u00bb global_colors_info=\u00a0\u00bb{}\u00a0\u00bb][et_pb_column type=\u00a0\u00bb4_4&Prime; _builder_version=\u00a0\u00bb4.22.2&Prime; _module_preset=\u00a0\u00bbdefault\u00a0\u00bb global_colors_info=\u00a0\u00bb{}\u00a0\u00bb][et_pb_filterable_portfolio fullwidth=\u00a0\u00bboff\u00a0\u00bb posts_number=\u00a0\u00bb30&Prime; include_categories=\u00a0\u00bb10,14,13,11,12,15,26&Prime; _builder_version=\u00a0\u00bb4.22.2&Prime; _module_preset=\u00a0\u00bbdefault\u00a0\u00bb title_level=\u00a0\u00bbh6&Prime; title_font=\u00a0\u00bbSignika||||||||\u00a0\u00bb title_font_size=\u00a0\u00bb20px\u00a0\u00bb caption_text_color=\u00a0\u00bbRGBA(255,255,255,0)\u00a0\u00bb caption_font_size=\u00a0\u00bb1px\u00a0\u00bb caption_line_height=\u00a0\u00bb1em\u00a0\u00bb text_orientation=\u00a0\u00bbcenter\u00a0\u00bb module_alignment=\u00a0\u00bbcenter\u00a0\u00bb border_radii_image=\u00a0\u00bbon|5px|5px|5px|5px\u00a0\u00bb global_colors_info=\u00a0\u00bb{}\u00a0\u00bb][\/et_pb_filterable_portfolio][\/et_pb_column][\/et_pb_row][\/et_pb_section]<\/p>\n","protected":false},"excerpt":{"rendered":"<div class=\"et_pb_module ba_animated_text ba_animated_text_0\">\n\t\t\t\t\n\t\t\t\t\n\t\t\t\t\n\t\t\t\t\n\t\t\t\t\n\t\t\t\t\n\t\t\t\t<div class=\"et_pb_module_inner\">\n\t\t\t\t\t<div id=\"dtq-animated-text-0\" class=\"dtq-module dtq-animated-text dtq-front\" data-settings=\"{&quot;strings&quot;:[&quot;arts et culture&quot;,&quot;asbl et ong&quot;,&quot;entrepreneur\\u00b7e\\u00b7s&quot;,&quot;environnement&quot;,&quot;p\\u00e9dagogique&quot;,&quot;sciences et sant\\u00e9&quot;,&quot;voyages et \\u00e9v\\u00e9nements&quot;],&quot;showCursor&quot;:true,&quot;loop&quot;:true,&quot;typeSpeed&quot;:50,&quot;startDelay&quot;:300,&quot;backSpeed&quot;:25,&quot;backDelay&quot;:500}\" data-type=\"typed\">\n\t\t\t\t<h1 class=\"dtq-animated-text-head\">\n\t\t\t\t\t<div class=\"dtq-animated-text-prefix\"><span>Nos projets r\u00e9alis\u00e9s pour nos clients<\/span>&nbsp;<\/div> <div class=\"dtq-text-animation dtq-animated-text-main dtq-typed-text\"><\/div> \n\t\t\t\t<\/h1>\n\t\t\t<\/div>\n\t\t\t\t<\/div>\n\t\t\t<\/div>\n","protected":false},"author":1,"featured_media":0,"parent":0,"menu_order":0,"comment_status":"closed","ping_status":"closed","template":"","meta":{"_et_pb_use_builder":"on","_et_pb_old_content":"","_et_gb_content_width":"","footnotes":""},"class_list":["post-1441","page","type-page","status-publish","hentry"],"yoast_head":"<!-- This site is optimized with the Yoast SEO plugin v27.2 - https:\/\/yoast.com\/product\/yoast-seo-wordpress\/ -->\n<title>Nos projets - Cabane<\/title>\n<meta name=\"robots\" content=\"index, follow, max-snippet:-1, max-image-preview:large, max-video-preview:-1\" \/>\n<link rel=\"canonical\" href=\"https:\/\/cabane.studio\/index.php\/nos-projets\/\" \/>\n<meta property=\"og:locale\" content=\"fr_FR\" \/>\n<meta property=\"og:type\" content=\"article\" \/>\n<meta property=\"og:title\" content=\"Nos projets - Cabane\" \/>\n<meta property=\"og:url\" content=\"https:\/\/cabane.studio\/index.php\/nos-projets\/\" \/>\n<meta property=\"og:site_name\" content=\"Cabane\" \/>\n<meta property=\"article:modified_time\" content=\"2024-07-04T10:41:29+00:00\" \/>\n<meta name=\"twitter:card\" content=\"summary_large_image\" \/>\n<meta name=\"twitter:description\" content=\"[ba_animated_text prefix=&quot;Nos projets r\u00e9alis\u00e9s pour nos clients&quot; animated_text=&quot;%91{%22value%22:%22arts et culture%22,%22checked%22:0,%22dragID%22:-1},{%22value%22:%22asbl et ong%22,%22checked%22:0,%22dragID%22:0},{%22value%22:%22entrepreneur\u00b7e\u00b7s%22,%22checked%22:0,%22dragID%22:1},{%22value%22:%22environnement%22,%22checked%22:0,%22dragID%22:2},{%22value%22:%22p\u00e9dagogique%22,%22checked%22:0,%22dragID%22:3},{%22value%22:%22sciences et sant\u00e9%22,%22checked%22:0,%22dragID%22:4},{%22value%22:%22voyages et \u00e9v\u00e9nements%22,%22checked%22:0,%22dragID%22:5}%93&quot; animation_speed=&quot;50ms&quot; back_speed=&quot;25ms&quot; text_alignment=&quot;center&quot; animated_bg=&quot;RGBA(255,255,255,0)&quot; _builder_version=&quot;4.22.2&quot; _module_preset=&quot;default&quot; animated_level=&quot;h1&quot; animated_font=&quot;Signika||||||||&quot; animated_text_color=&quot;#000000&quot; animated_font_size=&quot;41px&quot; main_font=&quot;Signika||||||||&quot; main_text_color=&quot;#0066b1&quot; hover_enabled=&quot;0&quot; global_colors_info=&quot;{}&quot; sticky_enabled=&quot;0&quot;][\/ba_animated_text]\" \/>\n<script type=\"application\/ld+json\" class=\"yoast-schema-graph\">{\"@context\":\"https:\/\/schema.org\",\"@graph\":[{\"@type\":\"WebPage\",\"@id\":\"https:\/\/cabane.studio\/index.php\/nos-projets\/\",\"url\":\"https:\/\/cabane.studio\/index.php\/nos-projets\/\",\"name\":\"Nos projets - Cabane\",\"isPartOf\":{\"@id\":\"https:\/\/cabane.studio\/#website\"},\"datePublished\":\"2024-07-04T10:27:52+00:00\",\"dateModified\":\"2024-07-04T10:41:29+00:00\",\"breadcrumb\":{\"@id\":\"https:\/\/cabane.studio\/index.php\/nos-projets\/#breadcrumb\"},\"inLanguage\":\"fr-FR\",\"potentialAction\":[{\"@type\":\"ReadAction\",\"target\":[\"https:\/\/cabane.studio\/index.php\/nos-projets\/\"]}]},{\"@type\":\"BreadcrumbList\",\"@id\":\"https:\/\/cabane.studio\/index.php\/nos-projets\/#breadcrumb\",\"itemListElement\":[{\"@type\":\"ListItem\",\"position\":1,\"name\":\"Accueil\",\"item\":\"https:\/\/cabane.studio\/\"},{\"@type\":\"ListItem\",\"position\":2,\"name\":\"Nos projets\"}]},{\"@type\":\"WebSite\",\"@id\":\"https:\/\/cabane.studio\/#website\",\"url\":\"https:\/\/cabane.studio\/\",\"name\":\"Cabane\",\"description\":\"Cr\u00e9ation d&#039;univers visuels et cetera (...)\",\"publisher\":{\"@id\":\"https:\/\/cabane.studio\/#organization\"},\"potentialAction\":[{\"@type\":\"SearchAction\",\"target\":{\"@type\":\"EntryPoint\",\"urlTemplate\":\"https:\/\/cabane.studio\/?s={search_term_string}\"},\"query-input\":{\"@type\":\"PropertyValueSpecification\",\"valueRequired\":true,\"valueName\":\"search_term_string\"}}],\"inLanguage\":\"fr-FR\"},{\"@type\":\"Organization\",\"@id\":\"https:\/\/cabane.studio\/#organization\",\"name\":\"Studio Cabane\",\"alternateName\":\"Studio Cabane\",\"url\":\"https:\/\/cabane.studio\/\",\"logo\":{\"@type\":\"ImageObject\",\"inLanguage\":\"fr-FR\",\"@id\":\"https:\/\/cabane.studio\/#\/schema\/logo\/image\/\",\"url\":\"https:\/\/cabane.studio\/wp-content\/uploads\/2023\/02\/Logo-full.svg\",\"contentUrl\":\"https:\/\/cabane.studio\/wp-content\/uploads\/2023\/02\/Logo-full.svg\",\"width\":1,\"height\":1,\"caption\":\"Studio Cabane\"},\"image\":{\"@id\":\"https:\/\/cabane.studio\/#\/schema\/logo\/image\/\"}}]}<\/script>\n<!-- \/ Yoast SEO plugin. -->","yoast_head_json":{"title":"Nos projets - Cabane","robots":{"index":"index","follow":"follow","max-snippet":"max-snippet:-1","max-image-preview":"max-image-preview:large","max-video-preview":"max-video-preview:-1"},"canonical":"https:\/\/cabane.studio\/index.php\/nos-projets\/","og_locale":"fr_FR","og_type":"article","og_title":"Nos projets - Cabane","og_url":"https:\/\/cabane.studio\/index.php\/nos-projets\/","og_site_name":"Cabane","article_modified_time":"2024-07-04T10:41:29+00:00","twitter_card":"summary_large_image","twitter_description":"[ba_animated_text prefix=\"Nos projets r\u00e9alis\u00e9s pour nos clients\" animated_text=\"%91{%22value%22:%22arts et culture%22,%22checked%22:0,%22dragID%22:-1},{%22value%22:%22asbl et ong%22,%22checked%22:0,%22dragID%22:0},{%22value%22:%22entrepreneur\u00b7e\u00b7s%22,%22checked%22:0,%22dragID%22:1},{%22value%22:%22environnement%22,%22checked%22:0,%22dragID%22:2},{%22value%22:%22p\u00e9dagogique%22,%22checked%22:0,%22dragID%22:3},{%22value%22:%22sciences et sant\u00e9%22,%22checked%22:0,%22dragID%22:4},{%22value%22:%22voyages et \u00e9v\u00e9nements%22,%22checked%22:0,%22dragID%22:5}%93\" animation_speed=\"50ms\" back_speed=\"25ms\" text_alignment=\"center\" animated_bg=\"RGBA(255,255,255,0)\" _builder_version=\"4.22.2\" _module_preset=\"default\" animated_level=\"h1\" animated_font=\"Signika||||||||\" animated_text_color=\"#000000\" animated_font_size=\"41px\" main_font=\"Signika||||||||\" main_text_color=\"#0066b1\" hover_enabled=\"0\" global_colors_info=\"{}\" sticky_enabled=\"0\"][\/ba_animated_text]","schema":{"@context":"https:\/\/schema.org","@graph":[{"@type":"WebPage","@id":"https:\/\/cabane.studio\/index.php\/nos-projets\/","url":"https:\/\/cabane.studio\/index.php\/nos-projets\/","name":"Nos projets - Cabane","isPartOf":{"@id":"https:\/\/cabane.studio\/#website"},"datePublished":"2024-07-04T10:27:52+00:00","dateModified":"2024-07-04T10:41:29+00:00","breadcrumb":{"@id":"https:\/\/cabane.studio\/index.php\/nos-projets\/#breadcrumb"},"inLanguage":"fr-FR","potentialAction":[{"@type":"ReadAction","target":["https:\/\/cabane.studio\/index.php\/nos-projets\/"]}]},{"@type":"BreadcrumbList","@id":"https:\/\/cabane.studio\/index.php\/nos-projets\/#breadcrumb","itemListElement":[{"@type":"ListItem","position":1,"name":"Accueil","item":"https:\/\/cabane.studio\/"},{"@type":"ListItem","position":2,"name":"Nos projets"}]},{"@type":"WebSite","@id":"https:\/\/cabane.studio\/#website","url":"https:\/\/cabane.studio\/","name":"Cabane","description":"Cr\u00e9ation d&#039;univers visuels et cetera (...)","publisher":{"@id":"https:\/\/cabane.studio\/#organization"},"potentialAction":[{"@type":"SearchAction","target":{"@type":"EntryPoint","urlTemplate":"https:\/\/cabane.studio\/?s={search_term_string}"},"query-input":{"@type":"PropertyValueSpecification","valueRequired":true,"valueName":"search_term_string"}}],"inLanguage":"fr-FR"},{"@type":"Organization","@id":"https:\/\/cabane.studio\/#organization","name":"Studio Cabane","alternateName":"Studio Cabane","url":"https:\/\/cabane.studio\/","logo":{"@type":"ImageObject","inLanguage":"fr-FR","@id":"https:\/\/cabane.studio\/#\/schema\/logo\/image\/","url":"https:\/\/cabane.studio\/wp-content\/uploads\/2023\/02\/Logo-full.svg","contentUrl":"https:\/\/cabane.studio\/wp-content\/uploads\/2023\/02\/Logo-full.svg","width":1,"height":1,"caption":"Studio Cabane"},"image":{"@id":"https:\/\/cabane.studio\/#\/schema\/logo\/image\/"}}]}},"_links":{"self":[{"href":"https:\/\/cabane.studio\/index.php\/wp-json\/wp\/v2\/pages\/1441","targetHints":{"allow":["GET"]}}],"collection":[{"href":"https:\/\/cabane.studio\/index.php\/wp-json\/wp\/v2\/pages"}],"about":[{"href":"https:\/\/cabane.studio\/index.php\/wp-json\/wp\/v2\/types\/page"}],"author":[{"embeddable":true,"href":"https:\/\/cabane.studio\/index.php\/wp-json\/wp\/v2\/users\/1"}],"replies":[{"embeddable":true,"href":"https:\/\/cabane.studio\/index.php\/wp-json\/wp\/v2\/comments?post=1441"}],"version-history":[{"count":5,"href":"https:\/\/cabane.studio\/index.php\/wp-json\/wp\/v2\/pages\/1441\/revisions"}],"predecessor-version":[{"id":1449,"href":"https:\/\/cabane.studio\/index.php\/wp-json\/wp\/v2\/pages\/1441\/revisions\/1449"}],"wp:attachment":[{"href":"https:\/\/cabane.studio\/index.php\/wp-json\/wp\/v2\/media?parent=1441"}],"curies":[{"name":"wp","href":"https:\/\/api.w.org\/{rel}","templated":true}]}}